3 - 0)
8
4 + (-2 - (2 + 1)) + 2 - 2
-1
What is the value of -1 - -2 - (25 + -17) - 0?
-7
What is (-77 - -54) + 10 + -2?
-15
0 - (-4 + 6) - (4 + -12 - -2)
4
Calculate -7 + (16 - -56 - 26).
39
What is the value of -7 + (103 + -100 - (1 - (-2 + 25)))?
18
What is (0 + 1 - 0) + 9 + (-14 - -7)?
3
What is the value of -12 - (-31 + 16) - 14?
-11
What is the value of (-8 - -22) + 9 + -12?
11
-48 + 43 - (-2 + (1 - (2 - -1)))
-1
What is the value of 6 + -8 - (-1 - -7) - 2 - 6?
-16
(18 - 10 - 17) + 2 + 1
-6
Calculate -1 + 9 - (28 + -21 + 9 + 13).
-21
Evaluate (43 - 13 - -1) + -39 + 22.
14
Evaluate 7 - (-24 + 12 - -11).
8
0 + -2 - -3 - -15 - (24 + -18)
10
Calculate 5 + (-1 + -1 - (-8 - (7 + -25))).
-7
Calculate -5 + (-5 - 1 - (14 - 20)).
-5
What is (0 - (21 - 9)) + 20?
8
What is ((-5 + 3 - -5) + 1 - 5) + 11?
10
Calculate -38 + 34 - (2 + -17 + 0).
11
Evaluate 21 + (15 - 44) - (3 - -4).
-15
What is 2 - 6 - ((-25 - -24) + -8)?
5
Evaluate -31 - ((-65 - 8) + 39).
3
What is -8 + (1 - -4 - (19 - 9))?
-13
Calculate -1 + -8 + -2 + (7 - 1) + 30.
25
Calculate -7 - (-18 + 18 - (1 + -4)).
-10
What is 16 - -3 - 14 - -1?
6
-74 - -98 - (-3 - (3 - 14))
16
Calculate 0 + -12 - (-66 - (2 - 56)).
0
Calculate (-1 - 0) + 51 + -51 + -10.
-11
(2 - 4) + 0 - (167 - 162) - 29
-36
(11 - (-13 + 28)) + 9
5
(91 + -91 - (0 + -1 + -4)) + -5
0
What is 2 - (-5 + 5 - 5) - (-11 - -14)?
4
What is 4 - (-7 + 33) - (-15 + 19)?
-26
What is (-9 + 5 - -1) + (-2 - 6 - -1)?
-10
-3 + (4 - 12) + 7 + -6 + 6
-4
-7 + 1 + (6 - 3) + -25
-28
What is 8 + (5 - 0 - 10) - -11?
14
Calculate -9 - (-11 - -15) - -23 - (5 - 0).
5
Evaluate (3 + -53 - -49) + (-1 - 8 - -1).
-9
What is the value of (-1 - 15) + (-42 - -17 - -30)?
-11
Calculate -13 + -17 + 6 + 8 + -1.
-17
14 - 0 - ((-10 - (-8 - -4)) + 4)
16
What is the value of -4 - 14 - (0 - (0 - (3 + -7)))?
-14
15 - -4 - (21 + -33 + -1)
32
13 + -1 + -9 - 4 - -33
32
What is -3 - (7 + -13 - 0) - -8?
11
11 - 5 - (16 + 7 + -3 + -1)
-13
-1 + -2 + (9 - (-8 - (5 + -16)))
3
13 + (-5 + 19 - 13) + 9
23
Evaluate -12683 + 12682 - ((1 - 2) + 1 - 22).
21
What is 0 - 0 - (6 - (-5 + 9 + 5))?
3
Evaluate -5 - (-4 + (-5 - (-5 + 7))) - -4.
10
What is -2 - (-4 - -7) - -10?
5
-7 + -8 + 11 + 0 + -7 + 1
-10
Evaluate (0 - (-4 + 0)) + 8 + (0 - 2).
10
-6 + -2 - (-27 - -17)
2
-25 - ((5 - (2 - 3)) + (-11 - -1))
-21
Evaluate ((2 - -5) + -15 - (-7 - -3)) + 27.
23
(13 - (-24 - -13 - -54)) + 11
-19
-40 + (-3 - -1) + (145 - 133)
-30
Evaluate -31 + (-12 - (-28 - 30)).
15
What is (13 - -3) + -23 - 0?
-7
-5 + 18 - 21 - (-1 - 2)
-5
Evaluate (21 + -11 - 15) + (-1 - -1).
-5
(-9 - 9 - -25) + -23
-16
Calculate 2 - (-2 + -6 + 4 - (-2 - 3)).
1
Calculate 12 + (12 - (6 + 17 + -4)).
5
Calculate (14 - 3) + 7 + -2 - 1.
15
Evaluate 4 - (-30 - -3) - (-85 - -94).
22
What is 63 - (-6 + 77) - (-7 + (1 - 1))?
-1
Calculate 18 + -1 - (-9 - (-24 + (4 - -12))).
18
Evaluate -3 + (7 + 0 - -11) - 24.
-9
(23 + -1 + 0 - 3) + -2 - 5
12
21 + -2 + -8 - (-14 + 23)
2
What is the value of (4 + -8 - -3) + -4?
-5
Evaluate 22 + (-22 - (27 + -36)).
9
Calculate 9 + (4 - 17) - (-1 + (-11 - -3)).
5
Calculate (-4 - (-37 + 23)) + -21.
-11
Evaluate 32 + (-17 - (9 + 0 - 14)).
20
What is -21 - -1 - -11 - (0 - 0)?
-9
Evaluate 14 - 36 - (-6 + 7) - -11.
-12
What is 24 + (20 + -6 - -3 - 11)?
30
Evaluate (3 - 0 - 2) + 18 + 6 + 5.
30
What is the value of 5 + -3 + -7 - (12 - 6)?
-11
What is (-10 - -5) + -2 + (5 + 1 - 0)?
-1
What is -1 + 5 + -17 + 1 - -28?
16
Calculate (-25 - -72) + (-9 - 18).
20
2 + 0 + -3 + -27 + (-271 - -281)
-18
What is -10 + 0 + 20 - (1 - (4 + -5))?
8
What is the value of 3 + (-2 - 6 - -6) - 15?
-14
-5 - -11 - (12 - (3 + 0)) - 8
-11
14 - -4 - (-11 + 12 + (2 - -1))
14
Evaluate -1 + (8 - 11) + (11 - -3).
10
Evaluate (-15 - 2) + 5 + 16.
4
Calculate (5 + -10 - -3) + 5 + -2 + 4.
5
(4 - (-9 - (-6 - 3))) + 0
4
Evaluate -9 + (-12 - 0 - -5) + (27 - 3).
8
What is the value of (7 - 0) + (1 - ((6 - 2) + -5))?
9
Evaluate -12 + 5 + -14 + 3.
-18
-9 + -4 + (2 - 9) + 14
-6
Evaluate (3 - (-2 + -14)) + (8 - 9) + 0.
18
-16 + -11 + 10 + 14
-3
Evaluate -2 - (-15 + 22) - (-1 - 8 - -2).
-2
What is the value of (-2 - -13) + 24 + (-21 - 11)?
3
Evaluate -6 - ((-7 - (3 + 6)) + -5 + -1).
16
1 + (-39 - -11) - -1
-26
Calculate 2 + 50 + -45 + (1 - (2 - 3)).
9
What is the value of 4 - 26 - 12 - -16?
-18
What is the value of -4 - -19 - 15 - 11?
-11
Calculate (1 - 13) + -9 + (-31 - -37).
-15
What is (-1 - 9 - (108 - 123)) + -32?
-27
Calculate -2 + 26 + -35 + 26.
15
Calculate -16 + (18 - 12) - (-15 - 1).
6
2 - -1 - (59 - 48)
-8
Evaluate -31 - (3 + -17) - -29.
12
What is -3 + 12 + -3 + -1 - 1?
4
What is the value of (0 - -3) + -8 + 5 - (0 - 3)?
3
Evaluate 71 + -58 - (1 - (4 - 42)).
-26
What is 12 - (0 + 8 + (13 - 7))?
-2
Calculate -18 - (-7 - -7) - -3.
-15
Evaluate 9 - 7 - -4 - (-25 + 21).
10
What is the value of (40 - (30 + -9)) + -6?
13
What is (3 - (13 + -15)) + (-1 - -2) + -12?
-6
What is -4 - -4 - (2 + -9 - 8)?
15
Evaluate (-39 - -32) + (-7 - (1 - 6)).
-9
What is 7 - 8 - (-9 + 10) - -7?
5
Evaluate 1 + (-6 - (10 + -6 + -1 - 4)).
-4
Evaluate 9 - (7 + (-11 - -7) + 7).
-1
Evaluate -1 - -2 - 3 - -1 - (5 + -2).
-4
(16 - (49 + -35)) + (1 - 22)
-19
(6 + -6 - (-1 + 7)) + 5
-1
Evaluate -5 - ((-37 - -18) + (-3 + 8 - 1)).
10
(41 - 34) + -3 + -2
2
(3 - -2) + -21 + 7 + (-9 - 0)
-18
Calculate 2 - 2 - (-29 + 17 + (5 - 8)).
15
What is the value of -16 + 0 + 1 + 1 + 157 + -156?
-13
Calculate -7 + 5 + 2 + -13.
-13
Evaluate (3 + 0 - (17 + -6)) + (-9 - 0).
-17
What is the value of 7 + 1 - 1 - 3 - -11?
15
Evaluate 2 - ((-5 - 4) + 23 + 1).
-13
-11 + 1 + -4 + -13 + 18 + -7
-16
What is the value of 101 - 100 - (4 + 3)?
-6
(-2 - 3) + -7 + (-15 - -35)
8
Calculate 0 - -1 - (75 - 57).
-17
Evaluate 28 + -6 + -5 + 13 + -3 + 2.
29
What is the value of 29 - (45 - (26 + -30))?
-20
What is (3 + -1 - (-2 - -6) - -8) + -9?
-3
What is the value of -13 - -4 - ((5 - (0 + -8)) + -18)?
-4
-4 - ((5 - 21) + 8 - -4)
0
What is 24 - (-2 - -12) - 3 - -2?
13
Evaluate 1 + 1 - (-6 - (-2 - 2) - -5).
-1
Calculate (-1 - 15) + 8 + (-3 - -21).
10
What is the value of 20 - ((3 + -7 - 3) + (-118 - -128))?
17
What is the value of -3 + 2 + -1 - (448 + -450)?
0
Evaluate 29 + (-10 - 11 - -4).
12
-2 + (0 + 8 - 0) - (503 - 501)
4
-11 + (1 - (14 - 21))
-3
Calculate 9 + (-1 - -4 - (-9 + 30 + -27)).
18
What is (-2 + 6 - (1 + -2)) + -5 + -1?
-1
What is the value of 3 + -35 + 91 + -85?
-26
Evaluate (201 - 194) + (-11 - -1) - -5.
2
(-14 - -9) + (10 - (17 + -11))
-1
What is the value of (-4 - (-2 - -1)) + (9 - -4)?
10
What is the value of 71 + -82 + -7 + (24 - 3)?
3
Evaluate (-14 + 2 + 4 - -11) + -3.
0
Calculate -1 + 0 + -4 - (3 + -14 - 5).
11
-22 + 0 + 55 + -20
13
-5 + 0 + (26 - (1 - -38))
-18
What is (4 - (16 + -21) - 38) + 11?
-18
What is the value of (3 - 8) + 1 + -2 + -3 + 0?
-9
Calculate (-3 - -2) + 13 - (3 + 1).
8
What is -44 + (33 + -16 - 3) - -7?
-23
What is (21 - (12 - -14)) + (-2 - 2)?
-9
Evaluate -4 - (-9 - (-6 - (5 - 15))).
9
What is -6 + -13 - (1 - (1 + -8 - 1))?
-28
Calculate -24 + 17 - (5 + (-2 - (-1 + -3))).
-14
(6 - -1) + -2 + 261 + -273
-7
What is the value of 0 + -15 + (18 - (20 - 8))?
-9
What is the value of -7 - ((-3 - 10) + (2 - -1)) - -19?
22
What is the value of (2792 - 2841) + 31 + -1?
-19
-25 + -19 + 12 + 21
-11
What is the value of -1 - -1 - (36 + (-67 - -19))?
12
What is the value of (0 - -9) + (-37 + 7 + -9 - 0)?
-30
What is 7 + 0 + (0 - 1) + 124 + -103?
27
Evaluate 29 + (21 - 26) + 3.
27
Calculate (22 - 0) + (34 + 14 - 55).
15
Calculate -13 - (-14 - (-10 + -4)).
-13
Evaluate -4 + 40 + -45 + (3 - -1).
-5
Calculate -5 + (-5 - -8) + -4 - (-26 - -42).
-22
What is the value of (-2 - (-7 - (11 + -10))) + -8?
-2
Evaluate -12 + -17 + (-4 - (7 - 16) - -4).
-20
21 + (6 + -13 - (19 - 22))
17
What is the value of -10 - ((-5 - -19) + -5) - (-1 + -3)?
-15
What is the value of 3 + -1 - (59 - (-20 - -60))?
-17
Calculate -1 - -3 - (-6 + 6 + -3 + 8).
-3
Calculate 14 - (-1 - 0) - 11.
4
-43 + 1 + (-81 - -44 - -52)
-27
What is the value of (0 - 7) + 93 + -86 - -5?
5
(-274 - -278) + 0 + -22
-18
Evaluate -12 + (6 - (-22 + 13)).
3
Evaluate 3 + 1 + -49 + 25 + (-5 - -7).
-18
What is the value of -16 - 15 - -55 - 27?
-3
Calculate (18 - (-3 + 4)) + (-94 - -80).
3
Evaluate 1 - (1 + 14) - (69 - 76).
-7
Evaluate (36 - 31) + (1 + 0 - 6)